275.
3, 5, 19, 3547
List the prime factors of 138789490.
2, 5, 7, 19, 241, 433
List the prime factors of 135471140.
2, 5, 7, 19, 50929
List the prime factors of 711945727.
711945727
List the prime factors of 64193822.
2, 7, 11, 47, 181
What are the prime factors of 25323325?
5, 491, 2063
What are the prime factors of 109393524?
2, 3, 1012903
What are the prime factors of 113294919?
3, 17, 701, 3169
List the prime factors of 437420131.
127, 3444253
What are the prime factors of 107508792?
2, 3, 1181, 3793
What are the prime factors of 457390165?
5, 71, 1288423
List the prime factors of 825480119.
825480119
List the prime factors of 168066970.
2, 5, 19, 79, 11197
What are the prime factors of 697267304?
2, 6971, 12503
List the prime factors of 651127792.
2, 7, 23, 252767
List the prime factors of 47795460.
2, 3, 5, 796591
List the prime factors of 50483651.
37, 1364423
List the prime factors of 662695081.
662695081
What are the prime factors of 405825?
3, 5, 7, 773
What are the prime factors of 2195898866?
2, 7, 37, 4239187
List the prime factors of 87044702.
2, 761, 57191
What are the prime factors of 2166570818?
2, 1083285409
List the prime factors of 67517902.
2, 229, 147419
What are the prime factors of 17550086?
2, 17, 516179
What are the prime factors of 235925839?
4793, 49223
List the prime factors of 2454099.
3, 37, 22109
What are the prime factors of 902336217?
3, 17, 61, 290047
List the prime factors of 87023722.
2, 29, 1500409
List the prime factors of 5223746.
2, 11, 19, 12497
What are the prime factors of 44193873?
3, 37, 398143
What are the prime factors of 1101972967?
1101972967
What are the prime factors of 1250866468?
2, 4327, 72271
What are the prime factors of 50995026?
2, 3, 73, 197
What are the prime factors of 780222142?
2, 7, 223, 249911
List the prime factors of 19297315.
5, 181, 21323
What are the prime factors of 957259297?
233, 1511, 2719
What are the prime factors of 118927799?
118927799
List the prime factors of 2146910559.
3, 433, 1652741
List the prime factors of 6377370.
2, 3, 5, 212579
List the prime factors of 1420864787.
37, 38401751
List the prime factors of 295881109.
295881109
What are the prime factors of 25295924?
2, 6323981
List the prime factors of 166109855.
5, 2207, 15053
What are the prime factors of 33240409?
29, 1146221
List the prime factors of 3034247862.
2, 3, 505707977
What are the prime factors of 8658296674?
2, 4329148337
List the prime factors of 971895353.
11, 13, 19, 31, 1049
What are the prime factors of 185739683?
1487, 124909
What are the prime factors of 449427193?
349, 1287757
What are the prime factors of 526540068?
2, 3, 101, 48271
What are the prime factors of 144901918?
2, 7, 1478591
What are the prime factors of 33248502?
2, 3, 7, 87959
List the prime factors of 2548098301.
7, 1283, 283721
What are the prime factors of 5239087664?
2, 19, 43, 59, 6793
What are the prime factors of 1453017014?
2, 18089, 40163
List the prime factors of 98392523.
349, 281927
What are the prime factors of 17787007?
7, 2541001
What are the prime factors of 3352750976?
2, 26193367
List the prime factors of 719336945.
5, 3407, 42227
What are the prime factors of 175169856?
2, 3, 912343
What are the prime factors of 90719537?
90719537
What are the prime factors of 69962369?
69962369
What are the prime factors of 11592212?
2, 2898053
What are the prime factors of 818865?
3, 5, 31, 587
What are the prime factors of 35526791?
59, 251, 2399
What are the prime factors of 497776585?
5, 99555317
List the prime factors of 5639321546.
2, 401, 7031573
List the prime factors of 124932066.
2, 3, 7, 424939
What are the prime factors of 385370444?
2, 29, 3322159
List the prime factors of 39127056.
2, 3, 37, 22031
What are the prime factors of 2480630283?
3, 397, 694271
List the prime factors of 1055825691.
3, 479, 734743
What are the prime factors of 91701197?
7, 479, 3907
List the prime factors of 579397325.
5, 13, 53, 33637
What are the prime factors of 562462474?
2, 7, 5739413
List the prime factors of 836431189.
11, 4651, 16349
List the prime factors of 423282709.
167, 2534627
List the prime factors of 43818763.
43, 109, 9349
List the prime factors of 1523999233.
41, 397, 93629
What are the prime factors of 791570559?
3, 13, 41, 495041
What are the prime factors of 2166055316?
2, 83, 149, 43787
What are the prime factors of 73239625?
5, 585917
What are the prime factors of 272521280?
2, 5, 37, 23017
What are the prime factors of 1150728365?
5, 230145673
What are the prime factors of 82542177?
3, 9171353
List the prime factors of 750942993.
3, 250314331
List the prime factors of 3205479273.
3, 53, 79, 255193
List the prime factors of 67796950.
2, 5, 13, 37, 2819
What are the prime factors of 4845263153?
71, 68243143
What are the prime factors of 278287297?
17, 83, 167, 1181
What are the prime factors of 1208659250?
2, 5, 59, 81943
List the prime factors of 30550166.
2, 29, 41, 443
List the prime factors of 779668002.
2, 3, 19, 43, 53017
List the prime factors of 277272600.
2, 3, 5, 11, 43, 977
List the prime factors of 564043290.
2, 3, 5, 18801443
List the prime factors of 41717246.
2, 1699, 12277
List the prime factors of 87316458.
2, 3, 227, 64109
List the prime factors of 6861087.
3, 211, 3613
List the prime factors of 249151605.
3, 5, 16610107
List the prime factors of 217154018.
2, 108577009
List the prime factors of 1239777922.
2, 619888961
List the prime factors of 7821434494.
2, 17, 3331, 69061
What are the prime factors of 4641018440?
2, 5, 116025461
List the prime factors of 97595140.
2, 5, 1187, 4111
What are the prime factors of 36683322?
2, 3, 13, 470299
List the prime factors of 1240835307.
3, 413611769
What are the prime factors of 386038735?
5, 43, 1795529
What are the prime factors of 6293502754?
2, 7, 11, 3187, 12823
List the prime factors of 126715097.
126715097
What are the prime factors of 733319443?
149, 4921607
What are the prime factors of 34947010?
2, 5, 7, 101, 4943
What are the prime factors of 460441560?
2, 3, 5, 3837013
What are the prime factors of 842543677?
43, 19594039
What are the prime factors of 3999963600?
2, 3, 5, 19, 101, 193
List the prime factors of 44299106.
2, 41, 540233
List the prime factors of 183871669.
509, 361241
List the prime factors of 8227366508.
2, 313, 881, 7459
What are the prime factors of 21086836?
2, 59, 199, 449
List the prime factors of 2179430992.
2, 251, 542687
What are the prime factors of 4983142394?
2, 97, 25686301
List the prime factors of 68602098.
2, 3, 127, 197, 457
List the prime factors of 1574281908.
2, 3, 151, 289603
What are the prime factors of 1122664673?
13, 86358821
List the prime factors of 494048449.
18401, 26849
List the prime factors of 1319704922.
2, 18047, 36563
List the prime factors of 324490353.
3, 11, 241, 40801
List the prime factors of 159514267.
11, 857, 16921
What are the prime factors of 68555857?
19, 37, 113, 863
List the prime factors of 66501962.
2, 53, 627377
List the prime factors of 130698801.
3, 43, 457, 739
What are the prime factors of 38014817?
149, 255133
List the prime factors of 587794111.
10639, 55249
List the prime factors of 33986958.
2, 3, 5664493
What are the prime factors of 10597744?
2, 19, 71, 491
List the prime factors of 163055154.
2, 3, 3517, 7727
What are the prime factors of 5031947380?
2, 5, 251597369
What are the prime factors of 436079317?
19, 101, 113, 2011
List the prime factors of 248641514.
2, 11, 31, 193, 1889
What are the prime factors of 90506725?
5, 17, 23, 47, 197
List the prime factors of 1344768742.
2, 101, 157, 42403
What are the prime factors of 611342778?
2, 3, 59, 1726957
List the prime factors of 41452034.
2, 13, 19, 83911
List the prime factors of 6017036240.
2, 5, 75212953
What are the prime factors of 1440974959?
73, 683, 28901
List the prime factors of 2192974624.
2, 68530457
What are the prime factors of 11666163?
3, 3888721
What are the prime factors of 2038779993?
3, 2083, 326257
List the prime factors of 236605187.
7, 13, 2600057
List the prime factors of 50160532.
2, 19, 43, 15349
What are the prime factors of 2491912949?
157, 15872057
List the prime factors of 7135317318.
2, 3, 37, 32141069
List the prime factors of 100963264.
2, 19, 79, 1051
List the prime factors 